4140 + (-17)/(-15). Let y(v) be the first derivative of 19*v**3/3 + 3*v**2/2 - 2*v + 1. What is y(f)?
20
Let a = 1 + -1. Suppose -18 = -5*b + 3*x + 55, -2*b = 4*x - 24. Let h(y) = -19*y + b*y - y**2 + 5*y + 8. Give h(a).
8
Suppose -4*n + 4 + 8 = -z, -3 = -n + 4*z. Suppose -4*h + 19 = -n*o, 0 = 3*h - 3*o - 39 + 24. Let i(l) = l**3 - 4*l**2 + 3. Calculate i(h).
3
Suppose 2*f + 2*b + 10 = 0, -4*b + 9 + 3 = 0. Let v be 6*(0 - (-9)/((-54)/f)). Let k(r) = r**3 - 8*r**2 - 2*r - 3. Determine k(v).
-19
Let d(k) = 109*k**2 - 2*k. Let r(u) = 182*u**2 - 4*u - 3. Let g(j) = 5*d(j) - 3*r(j). Determine g(-2).
1
Let r(g) be the third derivative of g**4/12 + 8*g**3/3 - 4*g**2 - 1204*g. What is r(-15)?
-14
Let f(z) be the third derivative of -z**6/120 - 11*z**5/60 - 3*z**4/4 + z**3/2 - 3*z**2 - 2*z. Let a be f(-9). Let p(b) = -2*b**2 + 2*b - 2. What is p(a)?
-14
Let r(k) be the second derivative of k**5/20 + 3*k**4/4 - 7*k**3/2 + 4*k**2 - 198*k + 1. Calculate r(-11).
-3
Let h(x) = -7*x + 8 + 0 - 10 - 6 - 3. Calculate h(-11).
66
Let r(f) be the second derivative of f**2 - 5/6*f**3 + 0 - 138*f. Determine r(-2).
12
Let h(p) = -3*p**2 + 2 + 2 - 7*p + 4*p**2. Let n be (140/(-80)*(-10)/7 + -4)*-2. Give h(n).
-8
Let u(d) be the third derivative of -d**4/12 - 5*d**3/2 + 2*d**2 - 336*d. Determine u(-14).
13
Suppose 2*z + c = -4 - 8, 4*z - c = -24. Let q(l) = -8 + 58*l + 0 - 62*l. Determine q(z).
16
Let q(l) = -2*l**2 + 6*l + 7. Let f(o) = o**2 - 2*o - 27. Let z be f(0). Let v = 32 + z. Give q(v).
-13
Let m = 5 + 8. Let s(h) = -3*h - m*h + 35*h. Give s(1).
19
Suppose 0 = 3*s + h - 46, -8*s + 3*h = -5*s - 30. Suppose -s*z + 27 = 13. Let a(t) = 9*t**3. What is a(z)?
9
Suppose -18*m + 182 = -4*m. Let y(d) = 11 - m + 3 + d. Determine y(3).
4
Let d = 601 - 598. Let h(s) = -6*s**2 + 6 - s**3 + 4*s**d + 3*s**3 - 5*s**3 - s. Determine h(5).
-24
Let y(u) be the third derivative of u**4/12 - 5*u**3/3 - 5*u**2 - 31. Let w be (-3 - (-3 + 0))/(-2). What is y(w)?
-10
Let a(n) be the first derivative of n**3/3 + 23*n**2/2 + 78*n + 1113. Determine a(-4).
2
Let g(d) be the second derivative of d**4/12 + 23*d**3/6 + 2*d**2 + 1536*d. Give g(-23).
4
Let l(j) be the third derivative of -1/12*j**4 - 1/6*j**3 - 2 - 114*j**2 + 0*j. Calculate l(7).
-15
Let x(f) = 4722967 - 2*f - 4722967. Give x(-10).
20
Let p(h) = h - 318 + 159 + 165. Suppose -3*i - 2*w = 23, -w - 18 = 3*i + 10. Calculate p(i).
-5
Let d(q) = -q**3 - 9*q**2 + 8*q - 13. Let f = 92 - 86. Let w(v) = -84*v + 4. Let j be w(f). Let k be j/(-75)*(-6)/4. What is d(k)?
7
Let f = 0 + 1. Suppose 138 - 144 = -3*y. Let l(s) = f - 10*s + 8*s + s**y + 3*s**3 + 0*s. Determine l(1).
3
Suppose -2*k = 2*t + 8, -t + k - 3*k - 2 = 0. Let x(m) be the first derivative of 1/4*m**4 - 7*m + 0*m**2 + 2*m**3 - 2. Calculate x(t).
-7
Let l be (156/(-546))/(2/(-14)). Let u(g) be the first derivative of 1/4*g**4 + 5/2*g**l + 3*g - 5/3*g**3 + 16. Determine u(4).
7
Suppose 94 = 2*d + 92. Let x(g) = -2 - 12 + 6 + d + 6 + 9*g. Determine x(1).
8
Let r(q) be the third derivative of q**4/24 + q**3/2 - 2*q**2. Let j = -45 + 39. Let y be r(j). Let o(w) = -w**3 - 3*w**2 + 4*w + 3. Determine o(y).
-9
Let f be 119/85*(-3 + 1 - -12). Let g = 34 + -24. Suppose f*j + 40 = g*j. Let u(l) = l**3 + 10*l**2 + 2*l + 15. What is u(j)?
-5
Let n(z) be the third derivative of -z**6/180 + z**5/120 + z**4/24 + 31*z**3/3 - 50*z**2. Let x(d) be the first derivative of n(d). Give x(2).
-5
Let z(f) be the second derivative of f**5/60 - 5*f**4/12 - f**3 + 87*f**2/2 - 105*f. Let s(u) be the first derivative of z(u). Give s(10).
-6
Let o(w) = -w - 2*w**2 + w**3 - w**2 - 3 + 5 + 2*w. Let z be -2*1/4*-6 - 1. Give o(z).
0
Suppose 14*y - 216 = -10*y. Suppose 2*t - j - 5 = 0, 3*t + 6 = 3*j + y. Let l(x) = -x**3 + 5*x**2 - x - 7. Give l(t).
5
Let a(w) be the third derivative of -w**5/60 - 13*w**4/12 - 7*w**3 - 4*w**2 + 4*w. Determine a(-24).
6
Let y be (-17)/(-5) - (135/(-25))/9. Let m be (y - 3) + (-3)/(3/(-2)). Let s(f) = f**2 + 2. Calculate s(m).
11
Let r(q) = q**3 - 33*q**2 + 32*q + 2. Suppose 0 = -13*m + 4*m + 288. Let a be r(m). Let v(c) = -7*c + 2. Calculate v(a).
-12
Let g(h) be the first derivative of -7*h**4/4 + 2*h**3 + h**2 - 3*h + 11409. Give g(-1).
8
Let k(d) be the third derivative of -1/12*d**4 + 0 - 65*d**2 + 1/120*d**6 + 0*d**5 + 1/6*d**3 - d. What is k(2)?
5
Let o be 21/(-210) + -2*(-145)/(-100). Let z(r) = 27*r + 82. What is z(o)?
1
Suppose -22*b - 32*b = 452 - 1586. Let c(h) = 27*h - 563. Calculate c(b).
4
Let k(o) = 10*o + 7. Suppose 4*j + 14 + 11 = 21. Give k(j).
-3
Let v(p) = -p**2 + 8*p + 1. Let h(f) = -f + 1. Let r(m) = -177*m + 170*m + m**3 + 5*m**2 - 9 - 3. Let n be r(-6). Let i be h(n). What is v(i)?
8
Let g(b) = 10*b - 2936 + 1468 + 1486. Let n(y) = 4*y + 6. Let x(w) = 3*g(w) - 8*n(w). What is x(4)?
-2
Suppose 0 = -641463*y + 641457*y - 12. Let k(l) = 0 + l**2 - 2*l + 1 + l. What is k(y)?
7
Let u(f) = -3*f + 1. Let o = 40 - 38. Suppose -o*d - 33 = -5*t, 20 + 20 = 4*t - 5*d. Let s be (0 - -10)*(t - 145/25). What is u(s)?
25
Let s(g) = -12*g**3 + g**2. Let w(l) = 287. Let c(b) = 2*b + 430. Let u(n) = 5*c(n) - 7*w(n). Let d be u(-14). Calculate s(d).
-11
Suppose 0 = a + 2, -1 = -2*r + a + 1. Let x(c) be the first derivative of 19 + 1/3*c**3 - 6*c + 0*c**2. Determine x(r).
-6
Let a(j) be the second derivative of 1/2*j**2 - 1 - 1/4*j**4 + 37*j + 1/3*j**3. Calculate a(2).
-7
Let u(i) be the first derivative of -i**4/4 - 8*i**3/3 - 11*i**2/2 + i + 6817. Calculate u(-5).
-19
Let x(f) = -2*f - 11. Let u(a) = 9 - 3 + 2*a - 1 + 5. Let y(k) = 4*u(k) + 3*x(k). Determine y(-6).
-5
Let m(o) = 27*o - 1. Let w = 326 + -311. Let n(q) = -2*q**3 + 28*q**2 + 27*q + 44. Let f be n(w). Determine m(f).
-28
Let q(g) = -28 - 51*g + 187*g + g**2 - 44*g - 52*g - 52*g. What is q(14)?
0
Let k(g) = -g**3 - 7*g**2 - 4. Let o be (56/12)/((-43)/15 + 3). Suppose -o = -2*v - 131. Let n = v + 41. What is k(n)?
-4
Let y(j) be the first derivative of j**4/4 + 16*j**3/3 + 17*j**2/2 + 26*j + 4257. Calculate y(-15).
-4
Let m(u) = u**2 + 2*u - 4. Let p = 255 - 253. Let o be m(p). Let g(a) = -3*a + 4. Calculate g(o).
-8
Let f(x) = -3*x**3 + 2*x**2 - 32*x + 30. Let t(q) = 2*q**3 - 2*q**2 + 21*q - 20. Let d(n) = -5*f(n) - 8*t(n). Give d(4).
10
Let f(c) = -9*c**2 + 12*c - 5. Let o(w) be the first derivative of -2*w**3/3 + w**2/2 - 177. Let m(x) = -f(x) + 5*o(x). What is m(-8)?
-3
Let c = -613 + 549. Let o = c + 81. Let d(b) = b**2 - 15*b - 35. Determine d(o).
-1
Let r(s) = -6*s - 245. Let l(q) = -44*q - 1705. Let v(u) = -8*l(u) + 55*r(u). What is v(-8)?
-11
Let q(b) be the third derivative of b**4/8 + 111*b**2. Let o(s) = s - 3. Let w be o(0). Give q(w).
-9
Let o(p) = 4*p - 3. Let u be 56/(-8) - 8 - 6. Let y(z) = 12*z - 10. Let b(w) = u*o(w) + 6*y(w). What is b(3)?
-33
Let v = -66 - -80. Suppose 2*y = -a - 4*a - v, 4*a = -4*y - 4. Let i(z) = z**3 + 5*z**2 + 5*z + 3. Determine i(a).
-1
Let h(f) be the third derivative of f**6/120 - 5*f**3/3 + 8*f**2. Suppose 16*k + 31*k = -64*k - 5*k. What is h(k)?
-10
Let j(t) = -7*t - 4. Let g(r) = -2*r - 1. Let c(k) = -22*g(k) + 6*j(k). Suppose 9*v - 189 = 2*v. Suppose -2*b = 4*f, -2*b - 2*f = -7*f + v. Determine c(b).
-14
Let l(z) = -z**3 + z**2 + 18*z + 5. Suppose 0 = -164*r + 160*r + 24, 0 = -2*c + 3*r - 28. Determine l(c).
65
Let o be (((-4)/(-7))/2)/((-9672)/(-5642)). Let h(b) be the third derivative of 1/3*b**4 + 0*b - 1/120*b**6 + 0 - o*b**3 - 18*b**2 + 1/10*b**5. Determine h(7).
6
Let b(p) = 7*p - 1. Suppose 5*u + 19 = -i, -10 = 2*u - 0*u. Let l(d) = -6*d**2 + 37*d - 7. Let c be l(i). Determine b(c).
-8
Suppose -2*c - 26 = -40. Let m(x) = x**2 - 5*x - 297 + 582 - 295. Give m(c).
4
Let o(k) = -11*k**2 - 12*k - 3. Let v(b) = -5*b**2 - 5*b - 1. Let l(u) = 4*o(u) - 10*v(u). Suppose -x = 2*a - 12, -10 = 5*x + 12*a - 16*a. Calculate l(x).
26
Let y(s) = -4*s**3 - 11*s**2 - 7*s + 14. Let m(d) = -5*d**3 - 12*d**2 - 8*d + 22. Let v(p) = 3*m(p) - 4*y(p). What is v(-8)?
-22
Let l(k) = -28*k**2 - 58*k + 77. Let b(v) = -11*v**2 - 28*v + 39. Let x(z) = -5*b(z) + 2*l(z). Determine x(23).
-18
Suppose 3*w = -0*f - 4*f - 14, 5*f + 2*w = -14. Let g(y) = 2*y**2 + 12*y + 11. Let i be g(-5). Let n(t) = -i + t + 3 + 716*t**2 - 712*t**2. Give n(f).
16
Let a(q) = 11*q. Let c(u) = 19*u - 7. Let 